is the tens digit of o?
5
Let p be (-44 + 48)*3/((-12)/(-19)). Suppose -3294 = -p*l + 905. What is the units digit of l?
1
Suppose -2*p + 185 = -5*m - 30, -5*p = -2*m - 65. What is the hundreds digit of (-35025)/m + (-5)/(-3)?
7
Suppose 3 - 9 = -2*n, -4*b + 4 = 4*n. Let z(m) = -19*m**3 - 3*m**2 - 2*m + 1. What is the units digit of z(b)?
5
Let y(u) = -u**3 + 8*u**2 - 10*u - 7. Let b be y(6). Suppose -8*w - 18 = -b*w. What is the tens digit of (-2)/(-6) - 388/w?
6
Suppose 113*i - 5527 = 391555. What is the units digit of i?
4
Let w = -47 + 72. Suppose -2*r - n + 1316 = -409, 5*n + w = 0. Suppose 5*l = -5*v + r, 5*l - 4*v = 1 + 873. What is the hundreds digit of l?
1
Let q be (-1)/2 - (-38)/(-4). Let s(z) = 37*z - 1360. Let b be s(38). Let f = b + q. What is the tens digit of f?
3
Let j = 13635 + 42620. What is the tens digit of j?
5
What is the tens digit of ((-24)/10)/(106/(-489455))?
8
Suppose -980*f = -4*k - 976*f + 126676, k + 3*f - 31649 = 0. What is the tens digit of k?
6
Let s = 6659 - 293. What is the tens digit of s?
6
Let n = 64 + 28. Suppose 4*h - 1 + n = a, 3*h = -3*a + 198. What is the tens digit of a?
7
Let r = 2853 + -705. What is the hundreds digit of r?
1
Let p = -4098 + 5229. What is the hundreds digit of p?
1
Suppose 84 = -12*y + 10*y. Let c = 46 + y. Suppose -3*n + c*n + 113 = 3*a, 5*n = a - 19. What is the units digit of a?
9
Let w be (-4)/36*0 + (-366)/(-2). Suppose -190*v + 2478 = -w*v. What is the tens digit of v?
5
Let p(j) = 1794*j + 13. Let w be p(6). Suppose w = 17*l - 4*l. What is the hundreds digit of l?
8
What is the units digit of ((-1)/((-90042)/90056 - -1))/((-1684)/17682)?
2
Suppose -z - 12819 = -43*d + 38*d, -d = -z - 2563. Suppose 0 = -4*q + 2*n + d, -3*q - 5*n = -0*n - 1910. What is the tens digit of q?
4
Let w(t) = -t**3 + 6*t**2 + 7*t + 4. Let d be w(7). Suppose 5*n + 5*o = 3*n - 192, d*o = 3*n + 265. Let k = n + 134. What is the tens digit of k?
4
Let n = 93345 + -61498. What is the ten thousands digit of n?
3
Let h = -1324 - -18801. What is the units digit of h?
7
Let s = -53278 - -75951. What is the hundreds digit of s?
6
Let t(l) = 5*l**2 + 2*l - 14. Suppose -i + 4 = 8. Let b be (1 - (-2)/(4/i))*-4. What is the tens digit of t(b)?
7
Let o = 1129 + -674. Let q(y) = -33*y - 2. Let i be q(8). Let v = o + i. What is the tens digit of v?
8
Let j(t) = 0*t - 13*t + 18*t + 21*t - 15 + 13*t**2. What is the tens digit of j(-7)?
4
Let v(l) be the second derivative of l**5/20 + 17*l**4/12 + 7*l**3/6 + 21*l**2/2 + 55*l - 2. What is the units digit of v(-13)?
6
Let z(u) = 5603*u + 2345. What is the units digit of z(4)?
7
Let y = -6009 - -52857. What is the thousands digit of y?
6
Suppose -l - 4*l = m - 66, 4*m - 226 = -l. Suppose -5*a = -5*v - 450, 0*a - 5*v + 72 = a. Let h = a + m. What is the tens digit of h?
4
Suppose -5*m + 3*m + 8 = 0, 2*h - 24 = -3*m. Suppose -h*n - a = -4*n - 3, -4*n - a = -3. What is the tens digit of n + 2/(-4) + 4026/44?
9
Suppose -24*y = 12*y + 4680. Let f = y + 223. What is the units digit of f?
3
What is the thousands digit of 14/35 - (-45261972)/645?
0
Let i(t) = -364*t + 15*t**2 + t**3 + 9 + 376*t + 13. What is the hundreds digit of i(-11)?
3
What is the thousands digit of 12 + 12 + -36 - 0 - -34199?
4
Let r be (504/(-27)*3)/(4/(-42)). Suppose 7*p - 2*p + 3*i = 737, -4*i = 4*p - r. What is the hundreds digit of p?
1
Suppose -6*l = -2*l - 1812. Suppose 0 = 4008*x - 4005*x - 558. Let f = l - x. What is the hundreds digit of f?
2
Suppose 8*f = 8 + 24. Suppose 0 - 5 = -f*o + q, o + 2*q = 8. Suppose 0 = 3*u + 3*p - 2*p - 15, 4*u = -o*p + 20. What is the units digit of u?
5
Let d(i) = -3*i**3 - i**2 + 1. Let k be d(-1). Suppose 2*g = g + k*s - 772, 0 = -2*g + 5*s - 1549. Let n = -534 - g. What is the tens digit of n?
5
Suppose -27*v + 101090 + 412573 = -16401. What is the thousands digit of v?
9
Let p = -8380 + 13211. What is the thousands digit of p?
4
Let z(g) = g**3 - 8*g**2 + g - 4. Let x be z(8). Let k = 402 + -397. Suppose k*d = 3*h - 31, -x*h + d = -5*h - 3. What is the units digit of h?
2
Suppose 6*d - 8*d = -14. Suppose -d*z + 520 = 3*z. Suppose -m = -4*c + 5*c - 52, -m - 4*c = -z. What is the tens digit of m?
5
Let l(v) = v**3 + 10*v**2 - 4*v - 41. Let r be l(-10). Let q(k) = -322*k**3 + 2*k**2 + k. What is the hundreds digit of q(r)?
3
Suppose 4*q = 5*y - 6, y + y - 7 = -3*q. Suppose 5*v + q - 16 = 0. Suppose 3*h = -o + 96, 7*o - 344 = v*o - 4*h. What is the units digit of o?
1
What is the units digit of -10*(-1)/((-1085)/(-215) + -5)?
5
Suppose -741419 - 1112335 = -303*w. What is the tens digit of w?
1
Let o(i) = -19 - 32*i - 5*i + 6*i - 133. What is the hundreds digit of o(-24)?
5
Let t(a) = -20*a - 4 + 5*a + 12*a. Let u be t(-3). Suppose -u*k - 5*r + 250 = -r, 5*k - 2*r - 280 = 0. What is the tens digit of k?
5
Let w(u) = -3*u**2 - 596*u - 985. What is the units digit of w(-136)?
3
Let b be (-1 - -4) + 2 + -2. Suppose -2*f + 29 = n - 168, -b*n + f = -598. What is the tens digit of n?
9
Let g = 2307 - 3257. Let x = 3 - 66. What is the units digit of 1 + g/(-6) + (-42)/x?
0
Suppose -28*r + 93758 + 183847 = -50667. What is the hundreds digit of r?
7
Let j(l) = -4*l**3 + 2*l**2 - 3*l. Suppose -3*a - 59 = -2*f + 7, -f = -5*a - 47. Let q = 25 - f. What is the tens digit of j(q)?
4
Let u be (4 - 10)/(-1) + -1. Suppose -b - 3 = -u. What is the units digit of b/(-9) - ((-52300)/45)/10?
6
Suppose 0 = -9*m - 321 + 4272. Suppose -4*d + 3*b + 929 = -775, -m = -d + 4*b. What is the units digit of d?
3
Suppose -2*m - 5*y = -4*m - 34, 3*m + 5*y = -1. Let z be 2/(3 + -4) - m. Suppose -155 = -10*q + z*q. What is the tens digit of q?
3
Suppose -4*k - 144 = -4*z, -4*z = -9*z - 2*k + 194. Suppose 33*i + 1315 = z*i. What is the hundreds digit of i?
2
Let h be (-3 - -3 - -1)*-487. Let y = -135 - h. What is the units digit of y?
2
Let p(n) = 3*n**2 + 3*n - 30. Let c be (-6 - 3) + (-1 - -1). Let m be p(c). Let a = m - 36. What is the tens digit of a?
5
Suppose 17*x - 2*h = 14*x + 290, h - 2 = 0. What is the units digit of (x + -95)/((4/(-2))/(-418))?
7
What is the thousands digit of (-227 - -233)/((-6)/(-36506))?
6
Let p(k) = k**2 + 3*k - 7. Let h be p(13). Suppose -4*o = 2*a + 258, 94 + 40 = -a - o. Let x = h + a. What is the units digit of x?
2
Let l = -672 - -1736. Suppose 1448*j = 1444*j + l. What is the hundreds digit of j?
2
Let d = 18613 + 32819. What is the ten thousands digit of d?
5
Suppose -117*v - 94*v - 490020 = -231*v. What is the units digit of v?
1
Let z be (21 + -21)*(0 + 1). Suppose -296 = -u - 5*d, z = u + u + 5*d - 592. What is the hundreds digit of u?
2
Let k = 64375 - 40989. What is the ten thousands digit of k?
2
Let s = 201 - 249. What is the tens digit of -1 - 17/(68/s)?
1
Let l = -917 - -533. Let s be 36 + 1 - (-3 + 0). What is the tens digit of l/(-2)*(s/15)/4?
2
Suppose -61*m + 2301761 + 846904 = -2465653. What is the units digit of m?
8
Let p(l) = -3*l + 30. Let m be p(11). Let w = m - -18. Suppose 0 = -z + w + 6. What is the tens digit of z?
2
Suppose -8*o + 4341 + 2627 = -0*o. What is the units digit of o?
1
Let i(z) = 85*z**3 + 3*z**2 - 4*z + 2. Let o be i(3). Suppose -18*b = -10*b - o. Let g = b - 31. What is the tens digit of g?
5
Suppose -900 = 229*v - 227*v. What is the units digit of (62/(-5))/(2*3/v)?
0
Suppose -2*o = 4*b, 3*o + 5*b + 40 - 42 = 0. Suppose -o*s = 5*j - 6383, s + 2*s - 4*j - 4764 = 0. What is the hundreds digit of s?
5
Suppose u = 1, 2*x = -0*x - 4*u - 74. Let o be -2 + 2 + 2 + 1. What is the tens digit of (o/(-2))/(x/806)?
3
Let h(b) = 16*b**2 + 86*b + 94. Let f(j) = -3*j**2 - 17*j - 19. Let r(y) = 11*f(y) + 2*h(y). Suppose -72 = -75*t + 83*t. What is the tens digit of r(t)?
3
Suppose -11*w - 16 = -214. Suppose 8400 = -w*j + 46*j. What is the tens digit of j?
0
Suppose -1820 = -8*z - 2*z. Suppose z = -18*t + 5*t. What is the tens digit of (-8)/14 - 1674/t?
1
Suppose -2*l - 3138 = 4*y, 4*y - 4*l + 3123 = -l. Let z = -652 - y. What is the units digit of z?
1
Let h be 1 - ((-4 - -4) + (-2 - 2)). What is the units digit of ((-2)/h)/((-18)/33930)?
4
Suppose a + 4*w - 3 = 0, -5*a + a = -5*w - 54. Let j be (-2)/a + (-11)/((-726)/12). Suppose -2*g + 9 + 7 = j. What is the units digit of g?
8
Suppose 288*o = 86*o + 3764068. What is the thousands digit